{"id":226,"date":"2024-11-22T10:23:05","date_gmt":"2024-11-22T09:23:05","guid":{"rendered":"https:\/\/bavarianfirehistory.com\/?page_id=226"},"modified":"2024-11-22T10:27:58","modified_gmt":"2024-11-22T09:27:58","slug":"les-archives-communales-bavaroises-et-la-recherche-historique-une-demarche-complementaire","status":"publish","type":"page","link":"https:\/\/bavarianfirehistory.com\/index.php\/les-archives-communales-bavaroises-et-la-recherche-historique-une-demarche-complementaire\/","title":{"rendered":"Les Archives Communales Bavaroises et la Recherche Historique : Une D\u00e9marche Compl\u00e9mentaire"},"content":{"rendered":"\n<p>Dans le cadre de mes recherches doctorales sur l&rsquo;\u00e9volution de l&rsquo;identit\u00e9 et du r\u00f4le des pompiers en Bavi\u00e8re au XIX\u1d49 si\u00e8cle, les archives communales jouent un r\u00f4le central. Ces institutions conservent des documents pr\u00e9cieux qui t\u00e9moignent de l&rsquo;organisation, des pratiques, et des d\u00e9fis rencontr\u00e9s par les corps de pompiers de cette \u00e9poque.<\/p>\n\n\n\n<p>Cette d\u00e9marche s&rsquo;inscrit en compl\u00e9ment des recherches que j&rsquo;ai d\u00e9j\u00e0 men\u00e9es sur le terrain dans certaines archives communales, ainsi qu&rsquo;aux Archives de l&rsquo;\u00c9tat de Bavi\u00e8re et \u00e0 la Biblioth\u00e8que nationale de Bavi\u00e8re. Ces institutions majeures m&rsquo;ont permis d&rsquo;acc\u00e9der \u00e0 une base riche d&rsquo;informations, mais le recours aux archives locales s&rsquo;av\u00e8re essentiel pour approfondir l&rsquo;\u00e9tude et \u00e9clairer les r\u00e9alit\u00e9s sp\u00e9cifiques \u00e0 chaque communaut\u00e9.<\/p>\n\n\n\n<p>Sur cette page, je partage le r\u00e9sultat de mes d\u00e9marches aupr\u00e8s des archives communales : les institutions contact\u00e9es, les r\u00e9ponses re\u00e7ues, les documents obtenus, et les co\u00fbts associ\u00e9s. Cet effort de transparence vise \u00e0 retracer mon processus de recherche, tout en offrant une ressource utile aux chercheurs et passionn\u00e9s d&rsquo;histoire souhaitant entreprendre des d\u00e9marches similaires.<\/p>\n\n\n\n<p>Je tiens \u00e0 exprimer ma gratitude envers les \u00e9quipes d\u2019archives qui, par leur disponibilit\u00e9 et leur expertise, contribuent \u00e0 pr\u00e9server et transmettre ces fragments pr\u00e9cieux de notre m\u00e9moire collective.<\/p>\n\n\n\n<p><a href=\"https:\/\/bavarianfirehistory.com\/index.php\/les-archives-de-haute-baviere\/\" data-type=\"page\" data-id=\"228\">Les archives de Haute-Bavi\u00e8re<\/a><\/p>\n\n\n\n<p><\/p>\n","protected":false},"excerpt":{"rendered":"<p>Dans le cadre de mes recherches doctorales sur l&rsquo;\u00e9volution de l&rsquo;identit\u00e9 et du r\u00f4le des pompiers en Bavi\u00e8re au XIX\u1d49 si\u00e8cle, les archives communales jouent un r\u00f4le central. Ces institutions conservent des documents pr\u00e9cieux qui t\u00e9moignent de l&rsquo;organisation, des pratiques, et des d\u00e9fis rencontr\u00e9s par les corps de pompiers de cette \u00e9poque. Cette d\u00e9marche s&rsquo;inscrit [&hellip;]<\/p>\n","protected":false},"author":1,"featured_media":0,"parent":0,"menu_order":0,"comment_status":"closed","ping_status":"closed","template":"","meta":{"footnotes":""},"class_list":["post-226","page","type-page","status-publish","hentry"],"_links":{"self":[{"href":"https:\/\/bavarianfirehistory.com\/index.php\/wp-json\/wp\/v2\/pages\/226","targetHints":{"allow":["GET"]}}],"collection":[{"href":"https:\/\/bavarianfirehistory.com\/index.php\/wp-json\/wp\/v2\/pages"}],"about":[{"href":"https:\/\/bavarianfirehistory.com\/index.php\/wp-json\/wp\/v2\/types\/page"}],"author":[{"embeddable":true,"href":"https:\/\/bavarianfirehistory.com\/index.php\/wp-json\/wp\/v2\/users\/1"}],"replies":[{"embeddable":true,"href":"https:\/\/bavarianfirehistory.com\/index.php\/wp-json\/wp\/v2\/comments?post=226"}],"version-history":[{"count":2,"href":"https:\/\/bavarianfirehistory.com\/index.php\/wp-json\/wp\/v2\/pages\/226\/revisions"}],"predecessor-version":[{"id":236,"href":"https:\/\/bavarianfirehistory.com\/index.php\/wp-json\/wp\/v2\/pages\/226\/revisions\/236"}],"wp:attachment":[{"href":"https:\/\/bavarianfirehistory.com\/index.php\/wp-json\/wp\/v2\/media?parent=226"}],"curies":[{"name":"wp","href":"https:\/\/api.w.org\/{rel}","templated":true}]}}